 are the prime factors of 4295?
5, 859
List the prime factors of 143.
11, 13
List the prime factors of 313.
313
What are the prime factors of 3911?
3911
List the prime factors of 9838.
2, 4919
What are the prime factors of 8708?
2, 7, 311
List the prime factors of 4323.
3, 11, 131
List the prime factors of 12978.
2, 3, 7, 103
What are the prime factors of 55222?
2, 27611
What are the prime factors of 128837?
128837
List the prime factors of 130618.
2, 65309
What are the prime factors of 1992?
2, 3, 83
What are the prime factors of 7118?
2, 3559
What are the prime factors of 27594?
2, 3, 7, 73
What are the prime factors of 38716?
2, 9679
What are the prime factors of 1734?
2, 3, 17
List the prime factors of 22138.
2, 11069
What are the prime factors of 284?
2, 71
List the prime factors of 393.
3, 131
List the prime factors of 969.
3, 17, 19
What are the prime factors of 17906?
2, 7, 1279
List the prime factors of 7982.
2, 13, 307
List the prime factors of 2015.
5, 13, 31
What are the prime factors of 686?
2, 7
List the prime factors of 1487.
1487
What are the prime factors of 2431?
11, 13, 17
What are the prime factors of 1653?
3, 19, 29
What are the prime factors of 1317?
3, 439
What are the prime factors of 9381?
3, 53, 59
List the prime factors of 818.
2, 409
What are the prime factors of 810?
2, 3, 5
What are the prime factors of 11108?
2, 2777
What are the prime factors of 50923?
50923
What are the prime factors of 10873?
83, 131
List the prime factors of 2956.
2, 739
What are the prime factors of 15862?
2, 7, 11, 103
List the prime factors of 115283.
7, 43, 383
What are the prime factors of 9578?
2, 4789
List the prime factors of 2762.
2, 1381
What are the prime factors of 1869?
3, 7, 89
What are the prime factors of 13892?
2, 23, 151
List the prime factors of 7835.
5, 1567
List the prime factors of 55453.
23, 2411
What are the prime factors of 1393?
7, 199
List the prime factors of 2076.
2, 3, 173
List the prime factors of 483.
3, 7, 23
List the prime factors of 34271.
43, 797
What are the prime factors of 25401?
3, 8467
List the prime factors of 14212.
2, 11, 17, 19
What are the prime factors of 32679?
3, 3631
List the prime factors of 11031.
3, 3677
What are the prime factors of 7536?
2, 3, 157
List the prime factors of 72582.
2, 3, 12097
List the prime factors of 11120.
2, 5, 139
What are the prime factors of 10202?
2, 5101
What are the prime factors of 3?
3
What are the prime factors of 59105?
5, 11821
What are the prime factors of 850?
2, 5, 17
List the prime factors of 109333.
7, 15619
What are the prime factors of 14915?
5, 19, 157
List the prime factors of 897.
3, 13, 23
What are the prime factors of 554?
2, 277
What are the prime factors of 67?
67
What are the prime factors of 2306?
2, 1153
What are the prime factors of 1382?
2, 691
What are the prime factors of 13362?
2, 3, 17, 131
What are the prime factors of 2050?
2, 5, 41
What are the prime factors of 2811?
3, 937
What are the prime factors of 1154?
2, 577
List the prime factors of 5357.
11, 487
What are the prime factors of 3029?
13, 233
List the prime factors of 3745.
5, 7, 107
What are the prime factors of 4127?
4127
What are the prime factors of 1933?
1933
What are the prime factors of 4664?
2, 11, 53
What are the prime factors of 7261?
53, 137
What are the prime factors of 2144?
2, 67
What are the prime factors of 798?
2, 3, 7, 19
List the prime factors of 1521.
3, 13
List the prime factors of 52149.
3, 17383
What are the prime factors of 2791?
2791
List the prime factors of 410.
2, 5, 41
List the prime factors of 4527.
3, 503
What are the prime factors of 1055?
5, 211
List the prime factors of 5360.
2, 5, 67
List the prime factors of 7047.
3, 29
List the prime factors of 12825.
3, 5, 19
What are the prime factors of 6551?
6551
What are the prime factors of 159?
3, 53
List the prime factors of 1387.
19, 73
List the prime factors of 747.
3, 83
List the prime factors of 3720.
2, 3, 5, 31
List the prime factors of 15020.
2, 5, 751
What are the prime factors of 42881?
137, 313
List the prime factors of 12565.
5, 7, 359
What are the prime factors of 1086?
2, 3, 181
What are the prime factors of 1855?
5, 7, 53
List the prime factors of 1128.
2, 3, 47
List the prime factors of 1714.
2, 857
List the prime factors of 19703.
17, 19, 61
List the prime factors of 62908.
2, 15727
List the prime factors of 4223.
41, 103
List the prime factors of 16117.
71, 227
List the prime factors of 45173.
199, 227
What are the prime factors of 1055?
5, 211
List the prime factors of 18020.
2, 5, 17, 53
List the prime factors of 3462.
2, 3, 577
What are the prime factors of 693?
3, 7, 11
List the prime factors of 3941.
7, 563
What are the prime factors of 3593?
3593
What are the prime factors of 2334?
2, 3, 389
List the prime factors of 4362.
2, 3, 727
List the prime factors of 10187.
61, 167
List the prime factors of 6090.
2, 3, 5, 7, 29
What are the prime factors of 467?
467
List the prime factors of 8727.
3, 2909
List the prime factors of 969.
3, 17, 19
What are the prime factors of 597?
3, 199
What are the prime factors of 1158?
2, 3, 193
What are the prime factors of 9439?
9439
List the prime factors of 2675.
5, 107
List the prime factors of 9844.
2, 23, 107
List the prime factors of 4946.
2, 2473
List the prime factors of 5069.
37, 137
What are the prime factors of 326?
2, 163
What are the prime factors of 23068?
2, 73, 79
What are the prime factors of 151?
151
List the prime factors of 170214.
2, 3, 11, 2579
What are the prime factors of 3697?
3697
What are the prime factors of 3149?
47, 67
What are the prime factors of 232?
2, 29
List the prime factors of 1016.
2, 127
What are the prime factors of 4363?
4363
List the prime factors of 2.
2
What are the prime factors of 39960?
2, 3, 5, 37
List the prime factors of 529.
23
List the prime factors of 13784.
2, 1723
List the prime factors of 393.
3, 131
List the prime factors of 3150.
2, 3, 5, 7
What are the prime factors of 5410?
2, 5, 541
What are the prime factors of 1047?
3, 349
What are the prime factors of 2386?
2, 1193
What are the prime factors of 1019?
1019
What are the prime factors of 70143?
3, 103, 227
List the prime factors of 230.
2, 5, 23
List the prime factors of 1877.
1877
List the prime factors of 4303.
13, 331
What are the prime factors of 8684?
2, 13, 167
What are the prime factors of 501?
3, 167
List the prime factors of 84796.
2, 17, 29, 43
What are the prime factors of 234?
2, 3, 13
List the prime factors of 111.
3, 37
List the prime factors of 6435.
3, 5, 11, 13
What are the prime factors of 31037?
41, 757
List the prime factors of 34513.
34513
List the prime factors of 5111.
19, 269
What are the prime factors of 613?
613
What are the prime factors of 38654?
2, 7, 11, 251
What are the prime factors of 23978?
2, 19, 631
List the prime factors of 666.
2, 3, 37
What are the prime factors of 26941?
29, 929
List the prime factors of 25960.
2, 5, 11, 59
What are the prime factors of 87830?
2, 5, 8783
List the prime factors of 42617.
19, 2243
What are the prime factors of 272?
2, 17
What are the prime factors of 42433?
42433
List the prime factors of 42024.
2, 3, 17, 103
What are the prime factors of 34014?
2, 3, 5669
What are the prime factors of 6495?
3, 5, 433
What are the prime factors of 3007?
31, 97
What are the prime factors of 11165?
5, 7, 11, 29
List the prime factors of 2144.
2, 67
What are the prime factors of 2915?
5, 11, 53
List the prime factors of 4061.
31, 131
What are the prime factors of 12172?
2, 17, 179
List the prime factors of 320.
2, 5
List the prime factors of 77936.
2, 4871
What are the prime factors of 6450?
2, 3, 5, 43
What are the prime factors of 116568?
2, 3, 1619
What are the prime factors of 18481?
18481
What are the prime factors of 5148?
2, 3, 11, 13
What are the prime factors of 1292?
2, 17, 19
List the prime factors of 256.
2
What are the prime factors of 3775?
5, 151
List the prime factors of 2267.
2267
List the prime factors of 4288.
2, 67
List the prime factors of 4398.
2, 3, 733
What are the prime factors of 20620?
2, 5, 1031
What are the prime factors of 4569?
3, 1523
What are the prime factors of 375?
3, 5
What are the prime factors of 6951?
3, 7, 331
List the prime factors of 25626